{"id":111,"date":"2026-01-05T17:04:50","date_gmt":"2026-01-05T16:04:50","guid":{"rendered":"https:\/\/woutoverbeeke.nl\/?page_id=111"},"modified":"2026-01-07T12:22:22","modified_gmt":"2026-01-07T11:22:22","slug":"theaterlessen","status":"publish","type":"page","link":"https:\/\/woutoverbeeke.nl\/index.php\/theaterlessen\/","title":{"rendered":"Theaterlessen"},"content":{"rendered":"\t\t<div data-elementor-type=\"wp-page\" data-elementor-id=\"111\" class=\"elementor elementor-111\">\n\t\t\t\t<div class=\"elementor-element elementor-element-8fc50f1 e-flex e-con-boxed e-con e-parent\" data-id=\"8fc50f1\" data-element_type=\"container\">\n\t\t\t\t\t<div class=\"e-con-inner\">\n\t\t\t\t<div class=\"elementor-element elementor-element-b78b580 elementor-widget elementor-widget-text-editor\" data-id=\"b78b580\" data-element_type=\"widget\" data-widget_type=\"text-editor.default\">\n\t\t\t\t\t\t\t\t\t<p>Zodra je voor een publiek staat is expressie ontzettend belangrijk. Of je nou zingt of spreekt. Als zanger, acteur of performer gebruik je naast je stem ook je lichaamstaal. Stem en lichaam zeggen zelfs (veel) meer over wat je eigenlijk wilt uitdrukken dan de eigenlijke tekst die je zingt of spreekt.<\/p>\t\t\t\t\t\t\t\t<\/div>\n\t\t\t\t<div class=\"elementor-element elementor-element-2e7d676 elementor-widget elementor-widget-heading\" data-id=\"2e7d676\" data-element_type=\"widget\" data-widget_type=\"heading.default\">\n\t\t\t\t\t<h4 class=\"elementor-heading-title elementor-size-default\">De Basis: je lijf<\/h4>\t\t\t\t<\/div>\n\t\t\t\t\t<\/div>\n\t\t\t\t<\/div>\n\t\t<div class=\"elementor-element elementor-element-2e972b0 e-flex e-con-boxed e-con e-parent\" data-id=\"2e972b0\" data-element_type=\"container\">\n\t\t\t\t\t<div class=\"e-con-inner\">\n\t\t\t\t<div class=\"elementor-element elementor-element-3e1183e elementor-widget elementor-widget-text-editor\" data-id=\"3e1183e\" data-element_type=\"widget\" data-widget_type=\"text-editor.default\">\n\t\t\t\t\t\t\t\t\t<p>In het theater is lichaamstaal dus essentieel om emoties en boodschappen over te brengen. Je kunt deze techniek toepassen door bewust gebruik te maken van je houding, gebaren, handelingen en bewegingen op het podium.\u00a0Door allerlei (drama-)oefeningen leer ik je bewust te worden van je lichaam en het doelbewust in te zetten voor je expressie.<\/p>\t\t\t\t\t\t\t\t<\/div>\n\t\t\t\t\t<\/div>\n\t\t\t\t<\/div>\n\t\t<div class=\"elementor-element elementor-element-b278663 e-flex e-con-boxed e-con e-parent\" data-id=\"b278663\" data-element_type=\"container\">\n\t\t\t\t\t<div class=\"e-con-inner\">\n\t\t\t\t<div class=\"elementor-element elementor-element-e2fb4a6 elementor-widget elementor-widget-heading\" data-id=\"e2fb4a6\" data-element_type=\"widget\" data-widget_type=\"heading.default\">\n\t\t\t\t\t<h4 class=\"elementor-heading-title elementor-size-default\">Je stem<\/h4>\t\t\t\t<\/div>\n\t\t\t\t\t<\/div>\n\t\t\t\t<\/div>\n\t\t<div class=\"elementor-element elementor-element-5ab7952 e-flex e-con-boxed e-con e-parent\" data-id=\"5ab7952\" data-element_type=\"container\">\n\t\t\t\t\t<div class=\"e-con-inner\">\n\t\t\t\t<div class=\"elementor-element elementor-element-a976cad elementor-widget elementor-widget-text-editor\" data-id=\"a976cad\" data-element_type=\"widget\" data-widget_type=\"text-editor.default\">\n\t\t\t\t\t\t\t\t\t<p>In het theater wordt veel aandacht besteed aan de stem. Een goede, duidelijke articulatie is natuurlijk belangrijk om verstaanbaar te zijn voor je publiek. Variatie in je stem maakt je performance levendiger en helpt je om emoties uit te drukken. <span style=\"color: var( --e-global-color-text ); font-family: var( --e-global-typography-text-font-family ), Sans-serif; text-align: var(--text-align); background-color: var(--wp--preset--color--background);\">Je kunt spelen met volume, tempo, intonatie, pauzes etc.<\/span><\/p>\t\t\t\t\t\t\t\t<\/div>\n\t\t\t\t\t<\/div>\n\t\t\t\t<\/div>\n\t\t<div class=\"elementor-element elementor-element-52b56e8 e-flex e-con-boxed e-con e-parent\" data-id=\"52b56e8\" data-element_type=\"container\">\n\t\t\t\t\t<div class=\"e-con-inner\">\n\t\t\t\t<div class=\"elementor-element elementor-element-fba63bc elementor-widget elementor-widget-heading\" data-id=\"fba63bc\" data-element_type=\"widget\" data-widget_type=\"heading.default\">\n\t\t\t\t\t<h4 class=\"elementor-heading-title elementor-size-default\">Spel<\/h4>\t\t\t\t<\/div>\n\t\t\t\t\t<\/div>\n\t\t\t\t<\/div>\n\t\t<div class=\"elementor-element elementor-element-56e06c3 e-flex e-con-boxed e-con e-parent\" data-id=\"56e06c3\" data-element_type=\"container\">\n\t\t\t\t\t<div class=\"e-con-inner\">\n\t\t\t\t<div class=\"elementor-element elementor-element-37f2678 elementor-widget elementor-widget-text-editor\" data-id=\"37f2678\" data-element_type=\"widget\" data-widget_type=\"text-editor.default\">\n\t\t\t\t\t\t\t\t\t<p>Uiteindelijk gaat het in het theater natuurlijk om het spel. Wat is het verhaal? Welke rol heb je daarin? Ben je verteller of een van de personages? Of misschien wel allebei. Door het oefenen met bestaande of door jou zelf geschreven teksten en improvisaties ontwikkel je je acteervaardigheden. Je gaat meer durven en gaandeweg krijg je steeds meer zelfvertrouwen op het podium.<\/p>\t\t\t\t\t\t\t\t<\/div>\n\t\t\t\t\t<\/div>\n\t\t\t\t<\/div>\n\t\t<div class=\"elementor-element elementor-element-16f44a6 e-flex e-con-boxed e-con e-parent\" data-id=\"16f44a6\" data-element_type=\"container\">\n\t\t\t\t\t<div class=\"e-con-inner\">\n\t\t\t\t<div class=\"elementor-element elementor-element-8f5f667 elementor-widget elementor-widget-heading\" data-id=\"8f5f667\" data-element_type=\"widget\" data-widget_type=\"heading.default\">\n\t\t\t\t\t<h4 class=\"elementor-heading-title elementor-size-default\">Priv\u00e9 of in een groepje<\/h4>\t\t\t\t<\/div>\n\t\t\t\t\t<\/div>\n\t\t\t\t<\/div>\n\t\t<div class=\"elementor-element elementor-element-e9787af e-flex e-con-boxed e-con e-parent\" data-id=\"e9787af\" data-element_type=\"container\">\n\t\t\t\t\t<div class=\"e-con-inner\">\n\t\t\t\t<div class=\"elementor-element elementor-element-e4d65f0 elementor-widget elementor-widget-text-editor\" data-id=\"e4d65f0\" data-element_type=\"widget\" data-widget_type=\"text-editor.default\">\n\t\t\t\t\t\t\t\t\t<p>Om specifiek te werken aan individuele ontwikkelpunten &#8211; zoals het verbeteren van articulatie of het overkomen van podiumangst &#8211; kan het handig zijn om \u00e9\u00e9n op \u00e9\u00e9n te werken. Maar om kleine sc\u00e8nes te spelen, in te gaan op een specifieke tekst of een gedicht is het juist leuk om in een groepje te oefenen. Alles is mogelijk!<\/p><p>Je kunt je theaterlessen ook mixen met zangles. Kijk daarvoor even op de pagina <a href=\"https:\/\/woutoverbeeke.nl\/index.php\/zanglessen\/\" target=\"_blank\" rel=\"noopener\">zanglessen<\/a>.<\/p>\t\t\t\t\t\t\t\t<\/div>\n\t\t\t\t\t<\/div>\n\t\t\t\t<\/div>\n\t\t<div class=\"elementor-element elementor-element-4ae0470 e-flex e-con-boxed e-con e-parent\" data-id=\"4ae0470\" data-element_type=\"container\">\n\t\t\t\t\t<div class=\"e-con-inner\">\n\t\t\t\t<div class=\"elementor-element elementor-element-441044f elementor-widget elementor-widget-heading\" data-id=\"441044f\" data-element_type=\"widget\" data-widget_type=\"heading.default\">\n\t\t\t\t\t<h4 class=\"elementor-heading-title elementor-size-default\">Kosten theaterlessen<\/h4>\t\t\t\t<\/div>\n\t\t\t\t\t<\/div>\n\t\t\t\t<\/div>\n\t\t<div class=\"elementor-element elementor-element-1b1639c e-flex e-con-boxed e-con e-parent\" data-id=\"1b1639c\" data-element_type=\"container\">\n\t\t\t\t\t<div class=\"e-con-inner\">\n\t\t\t\t<div class=\"elementor-element elementor-element-c2a0b03 elementor-widget elementor-widget-text-editor\" data-id=\"c2a0b03\" data-element_type=\"widget\" data-widget_type=\"text-editor.default\">\n\t\t\t\t\t\t\t\t\t<p>Priv\u00e9les (60 min.) &#8211; \u20ac 60<\/p><p>Groepsles (2 &#8211; 4 pers.\/75 min.) &#8211; \u20ac 45 p.p.<\/p><p>10 lessenkaart (60 min.\/priv\u00e9) &#8211; \u20ac 550<\/p>\t\t\t\t\t\t\t\t<\/div>\n\t\t\t\t\t<\/div>\n\t\t\t\t<\/div>\n\t\t<div class=\"elementor-element elementor-element-60c0cdd e-flex e-con-boxed e-con e-parent\" data-id=\"60c0cdd\" data-element_type=\"container\">\n\t\t\t\t\t<div class=\"e-con-inner\">\n\t\t\t\t<div class=\"elementor-element elementor-element-711a0d4 elementor-widget elementor-widget-heading\" data-id=\"711a0d4\" data-element_type=\"widget\" data-widget_type=\"heading.default\">\n\t\t\t\t\t<h4 class=\"elementor-heading-title elementor-size-default\">Gratis proefles?<\/h4>\t\t\t\t<\/div>\n\t\t\t\t\t<\/div>\n\t\t\t\t<\/div>\n\t\t<div class=\"elementor-element elementor-element-3d11239 e-flex e-con-boxed e-con e-parent\" data-id=\"3d11239\" data-element_type=\"container\">\n\t\t\t\t\t<div class=\"e-con-inner\">\n\t\t\t\t<div class=\"elementor-element elementor-element-a65ab4f elementor-widget elementor-widget-text-editor\" data-id=\"a65ab4f\" data-element_type=\"widget\" data-widget_type=\"text-editor.default\">\n\t\t\t\t\t\t\t\t\t<p>Wil je een gratis proefles afspreken, neem dan contact met me op, dan maken we een afspraak.<\/p>\t\t\t\t\t\t\t\t<\/div>\n\t\t\t\t\t<\/div>\n\t\t\t\t<\/div>\n\t\t<div class=\"elementor-element elementor-element-a791472 e-flex e-con-boxed e-con e-parent\" data-id=\"a791472\" data-element_type=\"container\">\n\t\t\t\t\t<div class=\"e-con-inner\">\n\t\t\t\t<div class=\"elementor-element elementor-element-692f25f elementor-align-center elementor-widget elementor-widget-button\" data-id=\"692f25f\" data-element_type=\"widget\" data-widget_type=\"button.default\">\n\t\t\t\t\t\t\t\t\t\t<a class=\"elementor-button elementor-button-link elementor-size-sm\" href=\"https:\/\/woutoverbeeke.nl\/index.php\/contact\/\">\n\t\t\t\t\t\t<span class=\"elementor-button-content-wrapper\">\n\t\t\t\t\t\t\t\t\t<span class=\"elementor-button-text\">Contact<\/span>\n\t\t\t\t\t<\/span>\n\t\t\t\t\t<\/a>\n\t\t\t\t\t\t\t\t<\/div>\n\t\t\t\t\t<\/div>\n\t\t\t\t<\/div>\n\t\t<div class=\"elementor-element elementor-element-6c1e463 e-flex e-con-boxed e-con e-parent\" data-id=\"6c1e463\" data-element_type=\"container\">\n\t\t\t\t\t<div class=\"e-con-inner\">\n\t\t\t\t<div class=\"elementor-element elementor-element-26aae81 elementor-widget-divider--view-line elementor-widget elementor-widget-divider\" data-id=\"26aae81\" data-element_type=\"widget\" data-widget_type=\"divider.default\">\n\t\t\t\t\t\t\t<div class=\"elementor-divider\">\n\t\t\t<span class=\"elementor-divider-separator\">\n\t\t\t\t\t\t<\/span>\n\t\t<\/div>\n\t\t\t\t\t\t<\/div>\n\t\t\t\t\t<\/div>\n\t\t\t\t<\/div>\n\t\t<div class=\"elementor-element elementor-element-1be571f e-flex e-con-boxed e-con e-parent\" data-id=\"1be571f\" data-element_type=\"container\">\n\t\t\t\t\t<div class=\"e-con-inner\">\n\t\t\t\t<div class=\"elementor-element elementor-element-7ffac38 elementor-widget elementor-widget-heading\" data-id=\"7ffac38\" data-element_type=\"widget\" data-widget_type=\"heading.default\">\n\t\t\t\t\t<h5 class=\"elementor-heading-title elementor-size-default\">Presentatietrainingen in organisaties<\/h5>\t\t\t\t<\/div>\n\t\t\t\t\t<\/div>\n\t\t\t\t<\/div>\n\t\t<div class=\"elementor-element elementor-element-b80498b e-flex e-con-boxed e-con e-parent\" data-id=\"b80498b\" data-element_type=\"container\">\n\t\t\t\t\t<div class=\"e-con-inner\">\n\t\t\t\t<div class=\"elementor-element elementor-element-3eaf1a2 elementor-widget elementor-widget-text-editor\" data-id=\"3eaf1a2\" data-element_type=\"widget\" data-widget_type=\"text-editor.default\">\n\t\t\t\t\t\t\t\t\t<p>Als partner bij Overbeeke &amp; De Weert (leiderschap en communicatie) geef ik samen met Regine Overbeeke presentatietrainingen. Kijk voor meer info <a href=\"https:\/\/www.overbeeke-deweert.com\/presenteren\/\" target=\"_blank\" rel=\"noopener\">hier<\/a>.<\/p>\t\t\t\t\t\t\t\t<\/div>\n\t\t\t\t\t<\/div>\n\t\t\t\t<\/div>\n\t\t\t\t<\/div>\n\t\t","protected":false},"excerpt":{"rendered":"<p>Zodra je voor een publiek staat is expressie ontzettend belangrijk. Of je nou zingt of spreekt. Als zanger, acteur of performer gebruik je naast je stem ook je lichaamstaal. Stem en lichaam zeggen zelfs (veel) meer over wat je eigenlijk wilt uitdrukken dan de eigenlijke tekst die je zingt of spreekt. De Basis: je lijf [&hellip;]<\/p>\n","protected":false},"author":3,"featured_media":0,"parent":0,"menu_order":0,"comment_status":"closed","ping_status":"closed","template":"","meta":{"footnotes":""},"class_list":["post-111","page","type-page","status-publish","hentry"],"_links":{"self":[{"href":"https:\/\/woutoverbeeke.nl\/index.php\/wp-json\/wp\/v2\/pages\/111","targetHints":{"allow":["GET"]}}],"collection":[{"href":"https:\/\/woutoverbeeke.nl\/index.php\/wp-json\/wp\/v2\/pages"}],"about":[{"href":"https:\/\/woutoverbeeke.nl\/index.php\/wp-json\/wp\/v2\/types\/page"}],"author":[{"embeddable":true,"href":"https:\/\/woutoverbeeke.nl\/index.php\/wp-json\/wp\/v2\/users\/3"}],"replies":[{"embeddable":true,"href":"https:\/\/woutoverbeeke.nl\/index.php\/wp-json\/wp\/v2\/comments?post=111"}],"version-history":[{"count":32,"href":"https:\/\/woutoverbeeke.nl\/index.php\/wp-json\/wp\/v2\/pages\/111\/revisions"}],"predecessor-version":[{"id":237,"href":"https:\/\/woutoverbeeke.nl\/index.php\/wp-json\/wp\/v2\/pages\/111\/revisions\/237"}],"wp:attachment":[{"href":"https:\/\/woutoverbeeke.nl\/index.php\/wp-json\/wp\/v2\/media?parent=111"}],"curies":[{"name":"wp","href":"https:\/\/api.w.org\/{rel}","templated":true}]}}